f u**3/3 + 3*u**2 - 8*u + 5. Let b be m(-9). Suppose -v = x - b, 3*v + 21 = x - 18. List the prime factors of x.
2, 3
Let t be (-656)/(-22) + (-2)/(-11). Let l = 3 - t. List the prime factors of 184/18 - (-6)/l.
2, 5
Let h(y) be the second derivative of 2*y**3 - 5*y**2 - 3*y + 2. Let f(p) = 6*p**3 - p**2 + 1. Let o be f(1). List the prime factors of h(o).
2, 31
Suppose -5*t + 9 = p - 5*p, 4*p = 3*t - 7. Let x be -14 - (-6*t + 3). Let b = x - -60. What are the prime factors of b?
7
Let q be 2/(-6)*3*0. Let y(f) = f**3 - f**2 + f + 38. List the prime factors of y(q).
2, 19
Suppose 4*o - 2*t - 3*t = 394, -o + 5*t = -91. What are the prime factors of o?
101
Suppose 0*t - 4704 = -7*t. What are the prime factors of t?
2, 3, 7
Suppose -21*g - 6675 = -17385. What are the prime factors of g?
2, 3, 5, 17
Let c(n) = 20*n**2 - 5*n + 79. What are the prime factors of c(7)?
2
Let l = 285 - -226. List the prime factors of l.
7, 73
Let m be 4*(-5)/(20/61). Let q = m - -65. List the prime factors of q.
2
Let k = -369 + 458. List the prime factors of k.
89
Let f(p) = 2*p + 37. Let k be f(-17). Suppose -k*g + 51 = -0*g. What are the prime factors of g?
17
Suppose 4*v + 12 = -5*q, -5*v = -0*q + 3*q + 2. Suppose -2*y + z + 14 = -v*z, -y = -5*z + 7. List the prime factors of y.
13
Let o(s) = 33*s + 2. Let i(l) = 1519*l + 93. Let u(a) = 2*i(a) - 93*o(a). Let k be u(-2). What are the prime factors of 5/(-5) + k/2?
2, 3, 5
What are the prime factors of (-258)/903 + (-3)/((-21)/18083)?
3, 7, 41
Let g = 129 - 217. Let w = 212 + g. Suppose -3*v + w = v. What are the prime factors of v?
31
Let m(b) = 29*b**2 - 2*b - 18. List the prime factors of m(-4).
2, 227
Let q = 56 - 38. Let p = 59 - q. What are the prime factors of p?
41
Let p = -95 + 254. Suppose -4*l - 3*v - p = 0, 18 + 207 = -5*l + 5*v. List the prime factors of l/(-9) + (-2)/(-6).
5
Suppose 15*m = 13*m - 932. Let c = -266 - m. What are the prime factors of c?
2, 5
Let b(x) = 5*x**2 + 29*x - 97. What are the prime factors of b(12)?
971
Let c = -65 - -34. Let v = -23 - c. List the prime factors of v.
2
Suppose d - 9 = -1. Let x(k) = -k**3 + 7*k**2 + 9*k - 8. Let a be x(d). Suppose -i = 3*i + 5*p - 172, a = -i + 4*p + 22. What are the prime factors of i?
2, 19
Suppose -8*s + l = -4*s - 6677, 3*s - 5019 = -3*l. List the prime factors of s.
2, 5, 167
Let l(m) = -m**2 + 10*m - 4. Let g(u) = u - 5. Let j be g(6). Let h(z) = 7*z**2 + 2*z - 2. Let t be h(j). List the prime factors of l(t).
17
Let a = 178 + -30. Let c = a + -74. List the prime factors of c.
2, 37
List the prime factors of -11*(-268)/4 + (0 - 3).
2, 367
Let z = 26 - 21. Suppose 0 = -z*w - 5*k + 670, -3*w + 382 = k - 2*k. Suppose i - w = -2*i. What are the prime factors of i?
43
What are the prime factors of (-4088835)/(-765) - (-2)/17?
5, 1069
Suppose -6*l + 1380 + 714 = 0. What are the prime factors of l?
349
Let m(p) = -p**2 + 21*p - 14. Let x be m(19). Let l = x + 68. What are the prime factors of l?
2, 23
Suppose -m + 29 = 2*o, 3*o - 79 - 37 = -4*m. Suppose -2*w + 166 = 3*c, -w + c + 122 - m = 0. What are the prime factors of w?
89
List the prime factors of (-4026 - (-81)/9)/(1/(-1)).
3, 13, 103
Suppose 5*y = -k + 7, 4*k = 3*k - 3*y + 5. Suppose -c + 21 = k*c. Suppose -26 = -2*t + 4*i, 4*t - 2*i = c + 45. List the prime factors of t.
13
Let a = 7 + -16. Let n(j) = -2*j**3 + 5*j**2 + 3*j + 2. Let i be n(4). Let k = a - i. List the prime factors of k.
5
Let g(n) = 4*n**3 - 15*n**2 - 9*n + 9. List the prime factors of g(6).
3, 31
Let l(s) = 239*s + 359. List the prime factors of l(6).
11, 163
Let v = -552 - -943. List the prime factors of v.
17, 23
Let i(j) = 32*j**3 + 3*j**2 - 4*j + 4. List the prime factors of i(2).
2, 3, 11
Let h = 6911 - 1893. What are the prime factors of h?
2, 13, 193
Let g(s) = 154*s**2 + 21*s + 61. What are the prime factors of g(-4)?
2441
Let d = 9 - 5. Suppose -485 = -5*g + 5*o, -d*g + 473 = g + o. What are the prime factors of g?
5, 19
Let i = -327 + 735. Suppose 0 = -6*f + 1524 - i. What are the prime factors of f?
2, 3, 31
Let y = 590 - 275. Suppose -5*s + 45 + y = 0. Let r = s - 6. List the prime factors of r.
2, 3, 11
Let q(l) = l**3 + 3*l**2 - 3*l + 3. Let d be q(-4). Let z = 52 + d. What are the prime factors of z?
3, 17
Suppose -4*n + 5 + 5 = 2*k, k = n - 10. Suppose y + 1 - n = 0. What are the prime factors of 6/9*30/y?
5
Suppose -7*r - 16 = -3*r. List the prime factors of (-1 - -2)/(-5*r/80).
2
Let a = -2879 - -4899. List the prime factors of a.
2, 5, 101
Suppose 137 = -4*o + 4621. List the prime factors of o.
19, 59
Let t(v) = v**3 - 11*v**2 + 10*v + 5. Let r be t(10). Suppose r*g - 210 = 115. What are the prime factors of g?
5, 13
Suppose 0 = 2*x - 4*x + 10. Suppose 0 = -5*d + 50 + x. List the prime factors of d.
11
Let k(q) = -q**3 - 8*q**2 + 7*q - 4. Suppose 7*h - 4*h - 75 = 0. Let v = -34 + h. List the prime factors of k(v).
2, 7
Suppose -17637 = -25*t + 11538. List the prime factors of t.
3, 389
Let q(o) = -3*o**3 - 3*o**2 + 4*o + 2. Let p be q(-3). Let z = 110 - p. What are the prime factors of z?
2, 3, 11
Let k(g) = 86*g + 4*g**2 + 4 + 84*g - 177*g. What are the prime factors of k(4)?
2, 5
Suppose 15955 = 14*d - 41333. What are the prime factors of d?
2, 3, 11, 31
Suppose 5*t + v = t + 31, -3*v = t - 16. List the prime factors of t/(-28) - (-2)/(8/1033).
2, 3, 43
Suppose 18*b - 28334 = -13*b. What are the prime factors of b?
2, 457
Suppose 4*u = 23 - 3. Let x(i) = -11*i**2 + 2*i + 10. Let h be x(u). What are the prime factors of (3 - 0) + h/(-5)?
2, 3
Suppose -2264 = -15*n - 419. Let a = n + -39. List the prime factors of a.
2, 3, 7
What are the prime factors of ((-45)/(-3))/((-33)/(-3740))?
2, 5, 17
Suppose -f - 8355 = -4*k, f = 4*k - 2*f - 8361. What are the prime factors of k?
2, 3, 29
Let q(y) = y - 42. Let i be q(6). List the prime factors of 2 + -16*i/8.
2, 37
List the prime factors of ((-40)/(-4))/(-5)*-2237.
2, 2237
Suppose -3*k = -4*l, 0 = 3*l - 2*l + k. Suppose -c + 72 = -l*c. List the prime factors of c.
2, 3
Let f = 181 + 105. List the prime factors of f.
2, 11, 13
Suppose -g - 104 = -3*g. Let p = -21 - -10. List the prime factors of ((-33)/p)/(2/g).
2, 3, 13
Let n = -14 + 14. Suppose 2*w = -3*h + 6*w - 75, n = -w + 3. Let i = h - -24. List the prime factors of i.
3
Let b be 36*3*(-1)/(-6) + -3. Suppose -2*x + 57 = b. What are the prime factors of x?
3, 7
Let a = 28 + 154. List the prime factors of a.
2, 7, 13
Suppose -4 = -3*b + 8. Suppose -3*i = b*d - 407, -2*i = -i + 2*d - 137. What are the prime factors of i?
7, 19
Suppose -2*r = 3*f - 1159, 4*f - 582 = -6*r + 5*r. List the prime factors of r.
2, 17
Let h(a) = 5*a**2 - 8*a + 4. Suppose 4*s - 1 = 3*p, -25 = -5*p - 0. List the prime factors of h(s).
2, 13
Suppose -3*w + j + 2292 = 0, 2*w + 0*w - 1523 = -j. List the prime factors of w.
7, 109
What are the prime factors of (-109)/(1*(-20)/15 - -1)?
3, 109
Suppose 4*v - 12 = -2*q, -2 = -3*q - 2*v + 8. Suppose q*g - 21 = -7. Let u = 39 + g. What are the prime factors of u?
2, 23
Suppose 0 = 10*y - 15*y. Suppose 2*n + 28 = b, y*b = b + 4*n - 16. What are the prime factors of b?
2, 3
Let s = 3 - 0. Suppose 5*w - 372 = 3*r, -5*w + 51 = s*r - 297. List the prime factors of w.
2, 3
Suppose -38*y = 4*y - 57162. List the prime factors of y.
1361
Suppose 5*c = -4*q + 2*q + 1156, -q + 573 = 5*c. What are the prime factors of q?
11, 53
Let o be (-4)/10 + 786/(-10). Suppose y - 578 = -5*x - 0*y, 0 = 5*y + 10. Let p = o + x. What are the prime factors of p?
37
Let w(h) be the first derivative of 2*h - 1/4*h**4 - 2 - 1/2*h**2 + 1/3*h**3. What are the prime factors of w(-2)?
2
Let u(q) = q**3 + 5*q**2 - 6*q + 9. Suppose -9*z + 7*z = 12. List the prime factors of u(z).
3
Suppose -2*t + y = -6*t + 227, 2*t - 111 = -y. Let c = t + -39. Let l = c - -4. List the prime factors of l.
23
Suppose 2*r + y + 6 + 9 = 0, 3*r = -4*y - 25. Let o be (-212)/18 + (-2)/9. Let n = r - o. List the prime factors of n.
5
Let i = -1 + 20. Let r = i - 9. List the prime factors of 102*(r/6)/5.
2, 17
Let d = -1533 + 5952. List the prime factors of d.
3, 491
Let f(o) be the second derivative of -o**5/20 - 7*o**4/12 - 3*o**3/2 - 5*o**2/2 - 18*o. List the prime factors of f(-6).
13
Suppose 0 = -3*f + 3*d + 9, 4*f + 12 = 3*f - 2*d. Let t be